cond derivative of -b*o**3 + 1/12*o**4 - o**2 + 0 - 2*o. Determine p(4).
-6
Let y(v) be the second derivative of v**3/3 + 3*v**2/2 - v. Let t be y(-2). Let w(a) = -3*a**2 - a - 1. Give w(t).
-3
Let s = 6 + -6. Let b(w) = -w**3 - w**2 - 18. Calculate b(s).
-18
Let g(j) be the third derivative of j**4/12 - j**3/6 + j**2. Let s(u) = -2*u - 29. Let h be s(-13). Determine g(h).
-7
Let b = 19 - 18. Let d(g) = -3*g + 11. Let f(h) = -h. Let l(n) = b*d(n) - 4*f(n). Let p be ((-2)/(-2))/((-2)/12). Determine l(p).
5
Suppose -t = 2*k - 4 + 14, 0 = -5*k + t - 18. Let x(o) = 5 - 4*o**3 + 4*o - 6*o - 5*o**2 + 3*o**3. Calculate x(k).
-3
Let f(w) = -w**3 + 7*w**2 - 5*w - 7. Let b(l) = -l + 9. Let k be b(3). What is f(k)?
-1
Let c(s) be the second derivative of -5*s**4/12 - s**3/6 - 14*s. Determine c(-1).
-4
Let l(c) = 17*c + 21. Let a(f) = 4*f + 5. Let y(r) = 9*a(r) - 2*l(r). Calculate y(-5).
-7
Let o(w) = -w**3 - 5*w**2 + 7*w + 5. Let s(x) = -x**2 + 4*x. Let v be s(3). Suppose -2*m - 4*a = -v*m + 6, 21 = -4*m + a. Determine o(m).
-1
Suppose 5*x - 3*x - 4 = 0. Let t = 3 - 2. Let r(l) = -3*l + 4*l + 2*l - t. What is r(x)?
5
Let i(z) = -z**3 + 3*z**2 + 5*z - 1. Suppose 3*d - 2*o - 3 = o, -2*o = 10. Let f(x) = -x**3 - 2*x**2 + 6*x + 3. Let l be f(d). Let s = l - 7. Calculate i(s).
3
Suppose -q - 6*q + 4*q = 0. Let c(h) = h - 2. Give c(q).
-2
Let p(t) = -10*t. Suppose -3*f + 3*i = 12, -2*f - f - 20 = 5*i. Let h(y) be the third derivative of y**4/24 - 3*y**2. Let o(x) = f*p(x) - 60*h(x). Give o(-1).
10
Suppose -1 = 2*o - 5. Let a(m) be the first derivative of m**2 - 1/3*m**3 + 2*m + o. Determine a(3).
-1
Let o(l) = 0 - 2 - 3*l**2 + 3*l + 0. Suppose u - 8 = -3*u. Give o(u).
-8
Let c(d) = 7*d**2 - d. Let g = -3 - -1. Let a(o) = -o - 4. Let q be a(g). Let h = -1 - q. Calculate c(h).
6
Let r(t) = t**3 - 5*t**2 + t - 7. Let w = 1 + -11. Let o = -5 - w. Determine r(o).
-2
Let r(h) = h - 7. Let t(m) = -3. Let c(s) = -4*r(s) + 9*t(s). Calculate c(1).
-3
Let v(b) = b**3 - 10*b**2 + 9*b - 4. Suppose -z + 5*t - t + 1 = 0, -4*t + 8 = 0. Calculate v(z).
-4
Let t be 3/(-5) - 3/(-5). Let d(y) = -y - y + y + 0. Let r(l) = -l - 1. Let k(z) = 3*d(z) - 4*r(z). Give k(t).
4
Let n(t) = t**3 + 5*t**2 - 9*t - 5. Let h(b) = 2*b**3 + 9*b**2 - 18*b - 10. Let k(l) = 3*h(l) - 7*n(l). Give k(-9).
5
Let u(b) = -b**3 + 3*b**2 + 5*b - 1. Let n(m) = m**2 + 9*m + 4. Let s be n(-9). Suppose s*k = -0*k. Suppose -2*w + 0*w + 8 = k. Give u(w).
3
Let q be (-8)/(-3) + 9/27. Suppose -q*j = 3*d - 21, -d + 10 = 5*j - 3*j. Let w(y) = -y**3 - j*y + 2*y - 5*y + 2 + 2 - 6*y**2. Determine w(-5).
9
Let t(b) = b**3 + 10*b**2 + 8*b - 11. Let m(c) = c**3 + 7*c**2 + c - 2. Let r be m(-7). Give t(r).
-2
Suppose 2*u + 9 = 3. Let x(g) = -g**3 - 4*g**2 - 3*g. What is x(u)?
0
Let c(d) be the third derivative of d**5/60 + 5*d**4/24 - 2*d**3/3 - 2*d**2. Let i(b) be the first derivative of c(b). Give i(-5).
-5
Let h(r) = 6*r. Let g(u) = -u. Let z(x) = 5*g(x) + h(x). Suppose 0 = -d + 3*d + 14. Let i be 2/(-1) + 5 + d. Determine z(i).
-4
Let b(m) = 2*m - 3*m**2 + 2 + 0*m - 5 - m**3. Let f be (18/(-27))/((-2)/54). Suppose 2*i + 5*r = -f, r - 2*r = -4*i - 14. What is b(i)?
5
Let s(x) = -2*x + 2*x + 1 - 3*x. Let r(u) be the second derivative of -u**4/12 - u**3 + u**2 - 3*u. Let m be r(-6). Determine s(m).
-5
Let q(p) = 1 - 2*p**2 + 3*p - 3*p. Let o = 35 + -11. Suppose 2*g - 6*g - o = 5*l, g - l = 3. What is q(g)?
-1
Let h(n) be the second derivative of 7*n**6/120 + n**5/30 + n**4/12 + n**3/6 + 2*n**2 + n. Let k(t) be the first derivative of h(t). Determine k(-1).
-6
Suppose -7*o = x - 3*o - 18, 0 = -5*x + 5*o - 10. Suppose -x = f - 4. Suppose 0 = -3*l - 13 - f. Let s(r) = -r - 7. Give s(l).
-2
Let d(f) = -13*f + 2. Let u(i) = -7*i + 1. Let o(p) = 6*d(p) - 11*u(p). Suppose -3*x - 2*v = 16, -5*x + v + 3*v = 34. Calculate o(x).
7
Let k(i) = 2*i + 2. Let p(x) = -11*x - 5. Let j(c) = -5*c - 2. Suppose q = -3*q + 36. Let a(h) = q*j(h) - 4*p(h). Let l be a(5). Calculate k(l).
-4
Let i(k) = -k**2 + 2*k + 4. Let t be i(3). Suppose 4*x + o + t = 2*o, o - 9 = -4*x. Let z(l) = -7*l**3. Determine z(x).
-7
Let d(z) = 4*z**2 - 3*z + 4. Let k(b) = -7*b**2 + 7*b - 7. Let o(x) = -5*d(x) - 3*k(x). Determine o(7).
8
Let a be (-2 - 2)*2/(-8). Let q(g) = 7*g**2 + 0 - a - 15*g**2. Give q(-1).
-9
Let g(v) = 4*v**3 + v**2 + v. Let z(c) = 2*c**2 + 0*c - 2*c + 3*c - c**3 + 8*c**3. Let r(p) = 5*g(p) - 3*z(p). Give r(-2).
0
Let s(a) = a**2 + 3*a. Suppose -2*f + 2 = -f - 3*k, -8 = 4*k. Determine s(f).
4
Let b(s) be the third derivative of s**3/6 - s**2. Let k(m) = -m + 3. Let w(c) = -5*b(c) - k(c). Give w(6).
-2
Let w(m) be the third derivative of 0 - 1/10*m**5 - 2*m**2 + 0*m + 0*m**4 - 1/6*m**3. Determine w(-1).
-7
Suppose 32 - 11 = 7*m. Let b(k) be the second derivative of k**5/20 - k**4/4 + k**3/2 + k**2 + k. What is b(m)?
11
Let q(l) be the second derivative of 5*l + 0 + 0*l**3 - 1/12*l**4 + 11/2*l**2. What is q(0)?
11
Let w(p) be the second derivative of -p**4/12 + 5*p**3/6 - 3*p**2/2 + 3*p. Let k(d) = -d**2 - 8*d + 3. Let l be k(-8). Calculate w(l).
3
Let u = 3 - 0. Let b(q) = 6*q**2 + 7 + 35*q**u + 9*q - 3*q + 13. Let g(c) = 12*c**3 + 2*c**2 + 2*c + 7. Let y(w) = -6*b(w) + 17*g(w). Give y(-1).
5
Let q(t) = t + 3. Suppose -5*g - 3*i + 34 = 0, 3*g - 4*i + 5*i - 22 = 0. Suppose -3*z - 4*x = -g, 0*z = 3*z + 5*x - 13. Calculate q(z).
-1
Let b(y) = -8*y**3 - 1. Let m = 63 + -62. What is b(m)?
-9
Let q(j) = 3*j + j**3 - 1439 + 1439 - 3*j**2. Let g(n) = -n**3 + 2*n**2 + n. Let h be g(-1). What is q(h)?
2
Let y(o) = -3 + 0*o + o - o**2 + 3*o. Suppose 23 = 4*b + 5*h - 18, -5*b + 3*h = -5. Give y(b).
-3
Let w(y) = -y**3 + 3*y**2 + 3*y + 5. Let n(g) = 3*g**3 - 7*g**2 - 7*g - 11. Let f(s) = -2*n(s) - 5*w(s). Give f(0).
-3
Let s = 17 - 9. Suppose -2*b + 0*b = -s. Let w(r) = -r**3 + 4*r**2 - 3*r + 2. Let o(n) = -n**3 + 4*n**2 - 3*n + 3. Let t(f) = 4*o(f) - 3*w(f). Calculate t(b).
-6
Let u(z) = z**3 - 6*z**2 + 6*z + 1. Suppose 4*v - 11 = 9. What is u(v)?
6
Suppose -4*b = -6*b - 20. Let j = b - -12. Let k(q) = -9*q - 7. Let t(y) = -5*y - 4. Let u(w) = 3*k(w) - 5*t(w). What is u(j)?
-5
Let i be (18/(-4))/((-9)/12). Let y(j) = 14*j**2 + 23*j + 15. Let o(m) = -5*m**2 - 8*m - 5. Let d(q) = i*y(q) + 17*o(q). Determine d(4).
-3
Let c(l) = -5 + 2 - l**2 + 2*l - 2*l. Let y(h) = -3*h**2 + h - 7. Let f(j) = 5*c(j) - 2*y(j). Calculate f(4).
7
Let x(p) = -p**2 - 2*p**2 + 2*p**2 - 3 + p. Give x(0).
-3
Suppose -2*g + 8 = 18. Let c(h) be the third derivative of h**6/720 + h**5/12 + h**4/12 - h**2. Let s(v) be the second derivative of c(v). Determine s(g).
5
Let z(k) = 4*k**2 + 7*k - 8. Suppose 0 = -2*i + 5*i - 6. Let v(d) = 3 - 2 - d**i + 0 - d. Let x(b) = 5*v(b) + z(b). Give x(2).
-3
Let r(n) = 6*n**3. Let k(j) = -j**2 + 9*j. Let z be k(9). Suppose -v + 1 = -2*d + 3*d, -3*d + 5*v - 13 = z. What is r(d)?
-6
Suppose 9*r - 4*r - 15 = 0. Let o(l) = -l**2 + 6*l - 4. Determine o(r).
5
Let p(l) = 6*l**3 + l + 1. Suppose z + 8 = 3*x, x + x = -5*z - 23. Suppose x = 2*w - 3*w. Calculate p(w).
-6
Let w(f) be the first derivative of 1 - 1/2*f**2 - 1/3*f**3 - 4*f. Calculate w(0).
-4
Let f(s) = s**3 - 5*s**2 + 2*s + 1. Suppose -t = 13*t - 56. Calculate f(t).
-7
Suppose 0 = -2*f - f. Suppose -22 + 6 = -2*g - 2*x, -g + 4*x - 17 = 0. Let l(t) = -6*t**g + t**2 + 1 - 3*t**2 + f*t**2. Calculate l(1).
-7
Let s(z) = z**2. Let q be (-3 - -1) + 4 + 0. Suppose q*u + 2*f = -u + 32, 0 = -3*f + 12. Let p = u - 11. Determine s(p).
9
Let w = -17 - -10. Let s = w - -12. Let t(d) = 4*d**2 - 5*d - 1. Let p(c) = c**2 + c - 1. Let y(m) = 3*p(m) - t(m). Calculate y(s).
13
Suppose -4*d = -d - 42. Suppose -4*y = -d + 6. Let f(r) = 0 - y*r + 1 + r + 0*r. Give f(-1).
2
Let k(t) be the second derivative of -4*t**4/3 - 5*t**3 - 15*t**2 - 7*t. Let m(s) = -3*s**2 - 6*s - 6. Let q(w) = 2*k(w) - 11*m(w). Calculate q(-4).
-2
Let u(p) = -13*p - 5. Let t(n) = -7*n - 3. Let r(k) = -11*t(k) + 6*u(k). Determine r(7).
-4
Let y = 3 + -2. Let x(i) = 4*i - 5*i - 3*i - y. Let z(j) = 2*j - 22. Let q be z(10). Calculate x(q).
7
Let m(o) be the second derivative of -7/6*o**3 - 1/2*o**2 - 6*o + 0. Determine m(1).
-8
Let d(o) be the first derivative of -3*o**2/2 - o + 6. Let z(p) = 3*p + 1. Let l(u) = -4*d(u) - 3*z(u). What is l(-1)?
-2
L